7 = k - 5*n, k + n - 67 = 0. Suppose -3*c + 2*l = -5*c + k, -5*l - 180 = -5*c. What are the prime factors of c?
2, 3
Let z be 3 - ((-3)/(-1) - -4). Let u be (-3 - -1) + (1 - z). Suppose 5*o - 20 = u*o. What are the prime factors of o?
2, 5
Let z be (6/4)/((-24)/32). List the prime factors of 2 + z/(-4)*(14 + -12).
3
Suppose 2*q = 2*j - 6*j + 12, 8 = 4*q. Suppose 3*p - 1 - 5 = 0. Suppose 92 = p*t + j*t. List the prime factors of t.
23
Suppose l + 4*o + 3684 = 5*l, -5*o = l - 951. What are the prime factors of l?
2, 463
Suppose 6*n + 0*n - 132 = 0. List the prime factors of (-4)/n - (-552)/11.
2, 5
What are the prime factors of 196636/(-246)*(-6)/4?
11, 109
Let r be 2*1/(-4)*-6. Let t be (24/4)/r*2. Suppose t*h + 76 = 8*h. List the prime factors of h.
19
Let g = -17 - -22. Let f(x) = -x**2 + 3*x + 9. Let u be f(g). List the prime factors of u*(-3 - -4)*-35.
5, 7
List the prime factors of -19 + (-49455)/(-42) - 3/2.
13, 89
Let s be (-5)/1 - (-3 + 2). Let u(l) be the second derivative of l**5/20 + 5*l**4/12 + l**3/2 + 2*l**2 - 3*l. What are the prime factors of u(s)?
2
Let a(d) = 2*d**3 - 6*d**2 - 1. Let z be a(5). Suppose -g - 2*g + z = 0. List the prime factors of g.
3, 11
Let l = -371 + 983. List the prime factors of l.
2, 3, 17
Let m be 2/(5 + -7)*0. Suppose m = 3*y - 516 + 48. List the prime factors of y.
2, 3, 13
Let c(h) = h**2 - 5*h - 17. Let k be c(8). Suppose -72 = k*m - 261. What are the prime factors of m?
3
Let g(v) = v**2 + 2*v. Let w(d) = 4*d**2 + 11*d - 8. Let t(a) = -3*g(a) + w(a). Suppose -5*f = -15 + 50. List the prime factors of t(f).
2, 3
Let o(i) = i**3 - 4*i**2 - 5*i + 2. Let w be o(5). Let n be 3 + (-2)/(w/1). List the prime factors of (-1)/n*(0 + -4).
2
Let o(y) be the second derivative of y**4/12 + y**3/6 - 11*y**2 - y. Let w = -11 + 2. What are the prime factors of o(w)?
2, 5
Let b(p) = -1. Let n(h) = -8*h + 50. Let w(q) = -12*b(q) - 2*n(q). What are the prime factors of w(21)?
2, 31
Let x(m) = 73*m + 93. What are the prime factors of x(14)?
5, 223
Suppose -r + 4*i = -i + 52, i = 2*r + 86. Suppose 9*c = 758 - 92. Let l = r + c. List the prime factors of l.
2
Let w(h) = -h**2 - 6*h + 3. Let n be w(-6). Let t = n - 6. List the prime factors of (0 + 15)*t/(-5).
3
Let l = 35 + -32. List the prime factors of (-6)/3 + l + -1 + 125.
5
Let l = -773 - -2220. List the prime factors of l.
1447
Let z(x) be the third derivative of x**5/60 - x**4/24 - x**3/6 - 2*x**2. Let a be z(-2). Suppose -2*u - 72 = -a*u. What are the prime factors of u?
2, 3
Let u = -823 - -1817. List the prime factors of u.
2, 7, 71
Let g be (-8)/6 - 20/(-6). Suppose 0 = -4*h - 3*a + 1183, 0*h = -4*h + g*a + 1158. List the prime factors of h.
2, 73
Suppose -4*m + 19 = 7. Suppose 8*c - 9*c + m = 0. What are the prime factors of (-30)/(-9) + (-1)/c?
3
Suppose s = 3, 0*c = 4*c + 3*s - 1997. What are the prime factors of c?
7, 71
Suppose -3*w - 4*b = -17, 2*b - 1 = -3. Suppose 156 = w*c - 4*c. List the prime factors of c.
2, 13
Suppose -5*k = -2*l - 14, -k - 4*l = -4*k. Suppose -37 - 3 = k*f. Let v(a) = a + 20. What are the prime factors of v(f)?
2, 5
Let n(x) = -x**2 + 2*x + 4. Suppose 0 = 5*a + 5*c + 10, -c = -2*a + a - 2. Let j be n(a). What are the prime factors of j/(-14) + 600/105?
2, 3
Let f = 504 + -256. List the prime factors of f.
2, 31
Suppose 0 = z + 2 - 4. What are the prime factors of (42/z - 3) + -1?
17
Let u(t) = t**3 + 8*t**2 + 4*t + 7. Suppose 4*q + r - 9 = -29, -4*q = 2*r + 20. What are the prime factors of u(q)?
2, 31
Let x = 4 + -326. Let m = x - -468. What are the prime factors of m?
2, 73
Let p(t) = -424*t**3 + 15*t**2 + 34*t + 5. List the prime factors of p(-2).
3389
Suppose -10*v = -15*v + 1940. List the prime factors of v.
2, 97
Let v(q) = q**3 - 38. Let m be v(0). Let f = -20 - m. Let p = 34 - f. List the prime factors of p.
2
List the prime factors of (-6)/2 - (-266 - -4) - 5.
2, 127
Suppose -s - 428 = -2*s - 5*c, -c - 812 = -2*s. What are the prime factors of s?
2, 3, 17
Let i be (-1 - (-27)/(-3)) + 4. Let l be (-971)/i - 12/(-72). Suppose 2*w - 62 = a, a + l = 5*w + 2*a. List the prime factors of w.
2
Let l = -73 + 59. List the prime factors of l/(-35) - ((-2142)/(-15))/(-3).
2, 3
Suppose -5*x - 4*z = -x - 4, -2*z + 17 = 5*x. Suppose 2*h = -2*l + 3*l + 20, x*h - l = 47. List the prime factors of h.
3
List the prime factors of ((-3)/4)/(4*3/(-28064)).
2, 877
Let m be ((-12)/15)/((-3 + 0)/15). Suppose 82 = m*v - 22. List the prime factors of v.
2, 13
Suppose 3*g + 4*f = 6*f + 4, -4*g + 3*f + 5 = 0. Suppose 0 = -5*n + 3*a + 192 + 206, 0 = -4*n + g*a + 320. Suppose -n = 6*k - 8*k. List the prime factors of k.
41
Suppose -2*m + 3968 = m - 2*h, -2*m + 2647 = -3*h. List the prime factors of m.
2, 661
Suppose -4*m = -188 + 188. Suppose m = 4*k - 1446 + 538. List the prime factors of k.
227
Let k(u) = 3*u**2 + 11*u + 19. Let v be k(-12). Suppose -127 + v = 8*a. List the prime factors of a.
2, 3
Suppose 4*q = 3*v - 198, 0 = 5*v - 3*q - 146 - 184. List the prime factors of v.
2, 3, 11
Suppose 0 = -871*z + 863*z + 10504. What are the prime factors of z?
13, 101
Let s be 18 + 1 + (-12)/3. Suppose s*i = 13*i + 74. What are the prime factors of i?
37
Let i = 119 + -22. Let n = -42 + i. What are the prime factors of n?
5, 11
Suppose 3*k = a + 14, -6*k - 12 = -8*k + 2*a. Suppose -63 = -t - 5*d + 87, 5*t + k*d - 792 = 0. List the prime factors of t.
2, 5
Let m(r) = r**2 - 2*r - 3. Let u be m(3). Let s = -344 + 362. Suppose -2*b + s = j - u*b, 4*j - 5*b - 33 = 0. List the prime factors of j.
2, 3
Suppose 48 = -2*w + 6*w. Suppose w = 3*g + 3. Suppose -2*i - 10 = -g*i. List the prime factors of i.
2, 5
Let m(f) = 72*f + 77. List the prime factors of m(5).
19, 23
Let m be ((-186)/4)/(4/(-32)). Let z be m/(-18) + (-2)/6. Let k = z + 27. List the prime factors of k.
2, 3
Let w(h) = -h**3 + 4*h**2 + 3*h + 6. Let l be (-1*5)/(3 - 4). Let v be w(l). Let q = 19 - v. List the prime factors of q.
23
Let o = 595 + 1776. What are the prime factors of o?
2371
Suppose -15729 - 23970 = -33*w. What are the prime factors of w?
3, 401
Suppose -6*z = -4198 - 5594. What are the prime factors of z?
2, 3, 17
Let m be 2*(213/6 - 4). Suppose m*a - 33 = 60*a. What are the prime factors of a?
11
Let n = 138 + -135. Suppose 4*q = -5*t + 696, n*q - 353 - 150 = t. List the prime factors of q.
13
Let i = 551 - 243. What are the prime factors of i?
2, 7, 11
Let a(p) = -19*p - 19. List the prime factors of a(-3).
2, 19
Let d(w) = -w**2 + 3*w + 2. Let f be d(2). Suppose -f*a = a - 650. Suppose -4*o + 2*k = -7*o + 98, 4*o = -3*k + a. List the prime factors of o.
2, 17
Let x = 845 - 318. Let i = -363 + x. Suppose 5*s = -3*z + i, 0 = 6*z - z - 3*s - 330. What are the prime factors of z?
3, 7
Suppose -30*f = -28*f + 20. What are the prime factors of 20*(-35)/f - 0/1?
2, 5, 7
Suppose 0*x = -12*x + 8940. List the prime factors of x.
5, 149
Let b = 5046 - 3062. What are the prime factors of b?
2, 31
Suppose -7*a = 6 + 8. Let s be 2/(1 + 6/(-10)). What are the prime factors of 98/5 - a/s?
2, 5
Let c(l) = l**2 - 7*l - 313. What are the prime factors of c(37)?
797
Let d be 5*(-5)/(-25)*1. What are the prime factors of 1/(d/66) - 1?
5, 13
Let u be 1/(14/5 - 3). Let v(o) = -o + 1. Let h be v(u). Let j(r) = 2*r**2 - 7*r - 5. What are the prime factors of j(h)?
5
Let m(v) = 26 - 2*v + 3*v - 33. Let f be m(3). Let i = f - -42. What are the prime factors of i?
2, 19
Suppose 3 = 32*x - 31*x, 0 = 2*q + 5*x - 1365. What are the prime factors of q?
3, 5
Let m(x) = -x**2 + 9*x - 4. Let a = 71 + -38. Let q be (a - 5)*(-1)/(-4). What are the prime factors of m(q)?
2, 5
Let g be (-5)/(-10) - (126/(-4) + 0). List the prime factors of ((-462)/24 - -5)*g/(-2).
2, 3, 19
Suppose -d - 2*d = -2*m + 228, -3*m = -d - 342. List the prime factors of (-345)/(-46)*m/5.
3, 19
Suppose 90 - 230 = -n. Let v = -2 + 5. Suppose -c = v*c - n. List the prime factors of c.
5, 7
Let w(k) = 6*k**2 + 29*k - 151. What are the prime factors of w(6)?
239
Suppose -3*p - 1496 = -2*i - 157, -5*i + 4*p + 3358 = 0. List the prime factors of i.
2, 337
Let p = -60 + 59. What are the prime factors of ((6 - 3)*(-46)/6)/p?
23
Let w(v) = 254*v - 33. What are the prime factors of w(4)?
983
Let u be 232/((-3)/3*-2). List the prime factors of (2929/